639. What is t(-14)?
-1
Let n(c) = 52*c**3 - 3*c**2 + 8*c - 14. Determine n(2).
406
Let d(c) = 3*c**3 + 16*c**2 + 52*c + 412. What is d(-7)?
-197
Let j(l) = -5*l**3 - 347*l**2 - 127*l + 754. What is j(-69)?
-5
Let u(r) = -7*r + 69. Give u(76).
-463
Let v(x) = -x**2 - 13*x + 113. Determine v(17).
-397
Let n(s) = 6*s - 18. What is n(-16)?
-114
Let s(a) = -97*a + 689. Calculate s(5).
204
Let t(k) = k**3 + 2*k**2 - 5*k - 39. Calculate t(0).
-39
Let a(h) = 15*h**3 + 88*h**2 - 16*h - 34. Calculate a(-6).
-10
Let d(o) = 520*o - 3131. Give d(6).
-11
Let h(y) = 1131*y + 3392. Calculate h(-3).
-1
Let u(p) = -4*p**2 + 22*p - 25. What is u(5)?
-15
Let r(b) = -b**3 - 7*b**2 + 12*b + 1. What is r(-9)?
55
Let g(i) = 4*i**3 + 14*i**2 - 18*i + 7. What is g(-6)?
-245
Let b(n) = 17*n**2 - 2*n - 86. What is b(0)?
-86
Let z(d) = -13*d**2 + 46*d + 30. Calculate z(4).
6
Let p(d) = 2*d**2 + 18*d - 24. Calculate p(4).
80
Let q(l) = -177*l + 5684. Determine q(32).
20
Let k(d) = -2*d**2 - 56*d + 58. What is k(-29)?
0
Let a(i) = 114*i - 912. Calculate a(8).
0
Let w(b) = -b**3 + 12*b**2 + 7*b + 78. Give w(10).
348
Let i(q) = q**2 + 26*q - 147. What is i(-32)?
45
Let v(r) = -r**3 + 8*r**2 - 3*r - 13. Determine v(8).
-37
Let a(b) = b**3 - 24*b**2 + 31*b + 39. What is a(23)?
223
Let d(x) = -5*x**3 + x**2 + 10*x - 13. Determine d(3).
-109
Let a(i) = -6*i**3 + 8*i**2 + 54*i + 2. Give a(-4).
298
Let g(i) = 61*i**2 - 610*i - 16. Give g(10).
-16
Let t(n) = -n**2 - 253*n - 1729. What is t(-7)?
-7
Let r(l) = -l**3 - l**2 + 67*l - 48. Determine r(-9).
-3
Let b(u) = 323*u + 650. What is b(-2)?
4
Let b(c) = 2*c**2 - 41*c + 182. What is b(18)?
92
Let h(c) = -c**3 - 7*c**2 - 29*c - 141. Calculate h(-6).
-3
Let c(n) = -18*n**2 + 50*n + 84. What is c(4)?
-4
Let d(m) = -174*m + 1328. Give d(7).
110
Let o(u) = -u - 64. Calculate o(-23).
-41
Let m(t) = 2*t**3 + 37*t**2 + 60*t + 759. What is m(-18)?
3
Let p(y) = -y**3 + 32*y**2 - 59*y + 873. What is p(31)?
5
Let s(o) = -1656*o + 178854. Calculate s(108).
6
Let o(i) = 215*i**3 - i + 1. What is o(1)?
215
Let i(g) = -418*g + 43477. Give i(104).
5
Let x(s) = -20*s + 247. What is x(16)?
-73
Let d(v) = -6*v**2 - 179*v + 81. Calculate d(-31).
-136
Let u(y) = -14*y - 369. What is u(-22)?
-61
Let m(a) = -a**3 - 45*a**2 + 3153*a + 44. Calculate m(38).
6
Let a(b) = -14*b - 345. Give a(-17).
-107
Let l(x) = -x**3 + 3*x**2 + 71*x + 16. Determine l(-7).
9
Let t(c) = -c**3 - 11*c**2 + 108*c + 11. Calculate t(0).
11
Let d(x) = -x**3 - 13*x**2 - 31*x - 85. Determine d(-11).
14
Let o(i) = 3*i**3 - i**2 - 3*i + 4. Calculate o(2).
18
Let j(u) = -4*u**3 + 13*u**2 + 12*u - 125. Give j(7).
-776
Let b(t) = -t**3 - 13*t**2 + 13*t - 54. What is b(-14)?
-40
Let c(v) = 4*v**3 + 6*v**2 - 14*v + 26. Determine c(4).
322
Let v(f) = f**3 + 53*f**2 + f - 12. What is v(-53)?
-65
Let u(b) = b**2 - 4*b - 19. Calculate u(6).
-7
Let j(n) = -22*n**3 - 236*n**2 + 62*n - 49. Calculate j(-11).
-5
Let r(a) = -42*a + 496. Calculate r(11).
34
Let c(a) = -a**3 + 79*a**2 - 1467*a - 125. Give c(49).
22
Let z(o) = -o**2 - 42*o - 488. Calculate z(-27).
-83
Let v(w) = -146*w**2 - 1455*w + 55. Determine v(-10).
5
Let f(o) = -2*o**2 + 229*o + 121. Calculate f(119).
-950
Let g(n) = -26*n**2 - 28*n + 39. Give g(-2).
-9
Let z(k) = 189*k + 2279. Calculate z(-12).
11
Let v(s) = -967*s**2 - 1936*s. Determine v(-2).
4
Let v(z) = -z**2 + 15*z + 743. What is v(0)?
743
Let d(k) = -500*k - 3537. Give d(-7).
-37
Let b(k) = 46*k**2 + 445*k + 3. Calculate b(-9).
-276
Let q(j) = -j**2 + 11*j + 30. What is q(0)?
30
Let w(l) = -l**2 - 20*l + 715. Calculate w(15).
190
Let q(r) = 22*r**2 + 22*r - 40. Determine q(2).
92
Let c(p) = -6*p**3 + p**2 + 10*p + 8. What is c(-3)?
149
Let v(z) = -36*z**2 - 82*z - 162. What is v(-2)?
-142
Let m(l) = -2*l**3 + 87*l**2 - 142*l + 665. Calculate m(42).
-7
Let w(p) = -530*p + 109184. Give w(206).
4
Let u(r) = -r**3 + 12*r**2 - 42*r + 51. Calculate u(9).
-84
Let n(o) = 16*o**2 + 68*o + 16. Give n(-4).
0
Let c(k) = -k**3 + 9*k**2 + 15*k + 61. Determine c(11).
-16
Let w(b) = -b**3 - 15*b**2 - 12*b - 58. Calculate w(-13).
-240
Let r(t) = 4*t**2 + 90*t + 77. Determine r(-23).
123
Let i(p) = -19*p**2 + 69*p - 363. What is i(6)?
-633
Let c(l) = 3*l - 82. Determine c(28).
2
Let h(k) = -130*k**3 + 4*k**2 - 11*k + 7. Give h(1).
-130
Let x(p) = -570*p + 43860. Calculate x(77).
-30
Let c(h) = h**3 + 30*h**2 + 229*h + 42. Give c(-14).
-28
Let f(r) = 2*r**3 + r**2 - 8*r - 3. Give f(-3).
-24
Let s(i) = -2*i**2 + 3*i + 44. What is s(-5)?
-21
Let p(c) = -c**3 + 11*c**2 + 114*c + 11. Calculate p(-6).
-61
Let f(w) = 7*w + 159. Calculate f(-24).
-9
Let n(c) = 11*c**2 - 31*c + 141. Give n(4).
193
Let r(z) = z**3 - 51*z**2 + 469*z + 109. Give r(39).
148
Let f(i) = -i**2 - 2*i + 53. Give f(-9).
-10
Let m(u) = -2*u**3 + 6*u**2 + 367*u - 107. Determine m(15).
-2
Let v(j) = 74*j + 3558. What is v(-48)?
6
Let l(s) = -9511*s + 47555. Determine l(5).
0
Let m(l) = 118*l + 713. Calculate m(-6).
5
Let u(d) = -d - 31. Calculate u(-2).
-29
Let s(d) = d**3 - 126*d**2 + 208*d + 5005. Determine s(124).
45
Let m(z) = z**2 + 6*z - 126. Determine m(-14).
-14
Let f(d) = d**3 - 10*d**2 - 43*d - 186. Determine f(14).
-4
Let y(x) = x**3 - 5*x**2 + 5*x + 15. What is y(4)?
19
Let l(y) = y**2 - 31*y - 152. Determine l(35).
-12
Let i(k) = -k**3 - k - 2. What is i(-2)?
8
Let n(l) = -65*l + 411. Determine n(6).
21
Let m(p) = -4*p**2 + 108*p + 34. Calculate m(28).
-78
Let f(h) = -48*h - 981. Give f(-20).
-21
Let n(a) = 12*a + 91. Give n(8).
187
Let h(o) = 6*o**2 - 343*o - 31. Give h(57).
-88
Let k(y) = 9*y**2 - 121*y - 26. Give k(12).
-182
Let c(v) = v**3 + 8*v**2 + 3519*v + 24580. Determine c(-7).
-4
Let v(h) = h**3 + 23*h**2 - 262*h - 4325. Determine v(-11).
9
Let i(d) = -d**2 - 8*d + 117. Determine i(20).
-443
Let b(h) = -5*h**2 + 3*h + 318. Determine b(-8).
-26
Let w(t) = -t**3 - 46*t**2 - 63*t - 803. Calculate w(-45).
7
Let w(g) = -3*g**3 + 65*g**2 - 179*g + 517. What is w(19)?
4
Let v(y) = -428*y**2 + 22255*y + 56. Determine v(52).
4
Let f(t) = 1026*t - 12309. Give f(12).
3
Let a(d) = 2*d**3 - 4*d**2 + 14*d - 53. Determine a(4).
67
Let w(b) = b**3 - 21*b**2 + 24*b - 78. Determine w(20).
2
Let u(p) = 8*p**2 - 1967*p - 12347. Give u(252).
1
Let c(l) = -112*l + 1928. Give c(18).
-88
Let d(f) = -2*f**2 - 133*f + 2199. What is d(-80)?
39
Let d(f) = 133*f + 340. Determine d(-2).
74
Let h(f) = -f**3 + 35*f**2 - 7*f + 242. Give h(35).
-3
Let o(m) = -14*m**3 - 9*m**2 - 4*m - 2. What is o(-3)?
307
Let n(p) = -19*p**2 - 14*p + 5. What is n(-3)?
-124
Let l(s) = -5*s**3 - 36*s**2 - 6*s - 20. Give l(-7).
-27
Let j(h) = -2*h**3 - 39*h**2 + 10*h - 30. Give j(-20).
170
Let s(y) = -y**3 - 15*y**2 - 105*y - 1040. Determine s(-13).
-13
Let r(g) = 22*g - 432. Determine r(10).
-212
Let q(r) = 313*r + 87962. Calculate q(-281).
9
Let m(q) = q**3 - 17*q**2 - 152*q + 2428. What is m(18)?
16
Let w(d) = 263*d**2 - 9203*d - 80. Calculate w(35).
-10
Let r(t) = -t**2 + 54*t - 444. Calculate r(34).
236
Let h(s) = 60*s - 798. Give h(13).
-18
Let d(x) = 3*x**3 - 33*x**2 + 85*x + 1. What is d(7)?
8
Let x(q) = -q**3 + 80*q**2 + 423*q - 40. What is x(-5)?
-30
Let b(t) = -2*t**2 - 16*t - 28. Calculate b(-10).
-68
Let o(r) = -1287*r + 10295. Calculate o(8).
-1
Let t(v) = 195*v + 788. Give t(-4).
8
Let x(v) = -142*v - 166. Determine x(-1).
-24
Let x(b) = -14*b**2 + 850*b + 185. Determine x(61).
-59
Let b(q) = q**3 - 25*q**2 + 91*q - 1007. Give b(23).
28
Let b(n) = 188*n - 3213. Calculate b(17).
-17
Let f(z) = 2*z**2 + 72*z + 646. Calculate f(-18).
-2
Let g(t) = 264*t - 4198. Determine g(16).
26
Let i(o) = -140*o**2 - 1116*o + 24. Determine i(-8).
-8
Let c(x) = -33*x**3 - 17*x**2 - 8*x + 2. Calculate c(-1).
26
Let z(k) = 15*k**2 + 10*k + 14. Give z(-5).
339
Let w(h) = -64*h + 9798. Calculate w(152).
70
Let f(p) = -p**3 - 13*p**2 - 4*p + 11. What is f(-11)?
-187
Let v(i) = -116*i + 41. What is v(0)?
41
Let m(q) = 31*q + 401. Give m(-15).
-64
Let f(w) = -w**3 - 32*w**2 + 263*w + 65. Determine f(7).
-5
Let r(k) = -298*k - 15199. Calculate r(-51).
-1
Let z(i) = 3*i**2 - 45*i + 15. Determine z(20).
315
Let d(b) = b**3 + 28*b**2 + 51*b - 7. Calculate d(-26).
19
Let o(p) = 29*p - 188. Determine o(11).
131
Let b(l) = 15*l**2 + 585*l - 6. Determine b(-39).
-6
Let w(i)